{"id":66,"date":"2017-12-27T14:43:28","date_gmt":"2017-12-27T14:43:28","guid":{"rendered":"http:\/\/startplan.de\/?page_id=66"},"modified":"2021-02-09T15:44:33","modified_gmt":"2021-02-09T15:44:33","slug":"impressum","status":"publish","type":"page","link":"http:\/\/startplan.de\/?page_id=66","title":{"rendered":"Impressum"},"content":{"rendered":"<p><span style=\"color: #4d4d4d;\">startplan UG (haftungsbeschr\u00e4nkt)<\/span><br \/>\n<span style=\"color: #4d4d4d;\">S\u00fcdpromenade 25<\/span><br \/>\n<span style=\"color: #4d4d4d;\"> 41812 Erkelenz<\/span><\/p>\n<p><span style=\"color: #4d4d4d;\">Gesch\u00e4ftsf\u00fchrer: Stephan Sch\u00fcren<\/span><br \/>\n<span style=\"color: #4d4d4d;\"> HRB 17926 &#8211; Amtsgericht M\u00f6nchengladbach<\/span><\/p>\n<p><span style=\"color: #4d4d4d;\">Tel.: +49-(0)24 31-974 31 02<\/span><br \/>\n<span style=\"color: #4d4d4d;\"> Fax: +49-(0)24 31-974 31 15<\/span><\/p>\n<p><span style=\"color: #4d4d4d;\">Email: info@startplan.de<\/span><br \/>\n<span style=\"color: #4d4d4d;\"> Internet: www.startplan.de<\/span><\/p>\n<p><span style=\"color: #4d4d4d;\">Sitz: Erkelenz<\/span><\/p>\n<p><span style=\"color: #4d4d4d;\">USt. ID-Nr.: DE313645800<\/span><\/p>\n<p><span style=\"color: #4d4d4d;\">Finanzamt: Erkelenz<\/span><\/p>\n<p><span style=\"color: #4d4d4d;\">Verantwortlich f\u00fcr den Inhalt der Homepage gem\u00e4\u00df \u00a75 TMG (Telemediengesetz): Stephan Sch\u00fcren<\/span><\/p>\n<p><span style=\"color: #4d4d4d;\"><strong>Urheberrecht<\/strong><\/span><\/p>\n<p><span style=\"color: #4d4d4d;\">Die Inhalte sind urheberrechtlich gesch\u00fctzt. Alle Rechte bleiben vorbehalten. Alle Texte, Verweise und Abbildungen sowie die Arrangements auf unserer Web-Site unterliegen dem Urheberrecht sowie auch anderer Gesetze zum Schutz des geistigen Eigentums. Sie d\u00fcrfen weder f\u00fcr kommerzielle Zwecke noch zur blo\u00dfen Weitergabe kopiert, ver\u00e4ndert oder Dritten zug\u00e4nglich gemacht werden. Der Rechteinhaber beh\u00e4lt sich das Recht vor, jederzeit und ohne vorherige Ank\u00fcndigung Verbesserungen und \u00c4nderungen an der Seite oder einzelner Inhalte vorzunehmen.<\/span><\/p>\n<p><span style=\"color: #4d4d4d;\"><strong>Haftungsausschluss \/ Disclaimer<\/strong><\/span><\/p>\n<p><span style=\"color: #4d4d4d;\">Das Landgericht Hamburg hat entschieden, dass man durch die Ausbringung eines Links (=Verkn\u00fcpfung zu einer anderen Webseite) die Inhalte der gelinkten Seite ggf. mit zu verantworten hat. Dies kann &#8211; so das LG Hamburg &#8211; nur dadurch verhindert werden, dass man sich ausdr\u00fccklich von diesen Inhalten distanziert.<\/span><\/p>\n<p><span style=\"color: #4d4d4d;\">Die startplan UG (haftungsbeschr\u00e4nkt)\u00a0hat in ihrem Internetangebot Links zu fremden Internetseiten. Wir distanzieren uns ausdr\u00fccklich von allen Inhalten und Gestaltungen dieser gelinkten Seiten und Banner. Die startplan UG (haftungsbeschr\u00e4nkt)\u00a0hat darauf keinerlei Einfluss und macht sich diese Inhalte nicht zu Eigen.<\/span><\/p>\n<p><span style=\"color: #4d4d4d;\"><strong>Gew\u00e4hrleistung<\/strong><\/span><\/p>\n<p><span style=\"color: #4d4d4d;\">Alle Inhalte auf den Internetseiten der\u00a0startplan UG (haftungsbeschr\u00e4nkt)\u00a0wurden mit gr\u00f6\u00dfter Sorgfalt kontrolliert, trotzdem ist ein vollst\u00e4ndiger Fehlerausschluss nicht m\u00f6glich. Weder der\/die Autor(en) noch andere Mitwirkende an diesen Seiten k\u00f6nnen jedoch f\u00fcr Sch\u00e4den haftbar gemacht werden, die in Zusammenhang mit dem Inhalt dieser Seiten entstehen.<\/span><br \/>\n<span style=\"color: #4d4d4d;\"> <strong><br \/>\nKeine Abmahnung ohne vorherigen Kontakt.<\/strong><\/span><\/p>\n<p><span style=\"color: #4d4d4d;\">Sollten bei diesem Internetauftritt Rechte Dritter verletzt oder sollte gegen gesetzliche Bestimmungen versto\u00dfen werden, so bitten wir um entsprechende Kontaktaufnahme ohne Kostennote. Wir versichern, einer berechtigten Beanstandung sofort Folge zu leisten, ohne dass von Ihrer Seite aus ein Rechtsbeistand eingeschaltet werden muss (Schadenminderungspflicht).<\/span><\/p>\n<pre><a href=\"http:\/\/startplan.de\/?page_id=36\"><span style=\"color: #999999;\">Leistungen<\/span><\/a>\n<a href=\"http:\/\/startplan.de\/?page_id=124\"><span style=\"color: #999999;\">Gr\u00fcndercoaching<\/span><\/a>\n<a href=\"http:\/\/startplan.de\/?page_id=116\"><span style=\"color: #999999;\">AVGS<\/span><\/a>\n<a href=\"http:\/\/startplan.de\/?page_id=37\"><span style=\"color: #999999;\">\u00dcber uns<\/span><\/a>\n<a href=\"http:\/\/startplan.de\/?page_id=67\"><span style=\"color: #999999;\">Kontakt<\/span><\/a>\n<a href=\"http:\/\/startplan.de\/?page_id=66\"><span style=\"color: #999999;\">Impressum<\/span><\/a><\/pre>\n","protected":false},"excerpt":{"rendered":"<p>startplan UG (haftungsbeschr\u00e4nkt) S\u00fcdpromenade 25 41812 Erkelenz Gesch\u00e4ftsf\u00fchrer: Stephan Sch\u00fcren HRB 17926 &#8211; Amtsgericht M\u00f6nchengladbach Tel.: +49-(0)24 31-974 31 02 Fax: +49-(0)24 31-974 31 15 Email: info@startplan.de Internet: www.startplan.de Sitz: Erkelenz USt. ID-Nr.: DE313645800 Finanzamt: Erkelenz Verantwortlich f\u00fcr den Inhalt der Homepage gem\u00e4\u00df \u00a75 TMG (Telemediengesetz): Stephan Sch\u00fcren Urheberrecht Die Inhalte sind urheberrechtlich gesch\u00fctzt. Alle &hellip; <a href=\"http:\/\/startplan.de\/?page_id=66\" class=\"more-link\"><span class=\"screen-reader-text\">Impressum<\/span> weiterlesen<\/a><\/p>\n","protected":false},"author":1,"featured_media":0,"parent":0,"menu_order":0,"comment_status":"closed","ping_status":"closed","template":"","meta":[],"_links":{"self":[{"href":"http:\/\/startplan.de\/index.php?rest_route=\/wp\/v2\/pages\/66"}],"collection":[{"href":"http:\/\/startplan.de\/index.php?rest_route=\/wp\/v2\/pages"}],"about":[{"href":"http:\/\/startplan.de\/index.php?rest_route=\/wp\/v2\/types\/page"}],"author":[{"embeddable":true,"href":"http:\/\/startplan.de\/index.php?rest_route=\/wp\/v2\/users\/1"}],"replies":[{"embeddable":true,"href":"http:\/\/startplan.de\/index.php?rest_route=%2Fwp%2Fv2%2Fcomments&post=66"}],"version-history":[{"count":8,"href":"http:\/\/startplan.de\/index.php?rest_route=\/wp\/v2\/pages\/66\/revisions"}],"predecessor-version":[{"id":186,"href":"http:\/\/startplan.de\/index.php?rest_route=\/wp\/v2\/pages\/66\/revisions\/186"}],"wp:attachment":[{"href":"http:\/\/startplan.de\/index.php?rest_route=%2Fwp%2Fv2%2Fmedia&parent=66"}],"curies":[{"name":"wp","href":"https:\/\/api.w.org\/{rel}","templated":true}]}}