{"id":37,"date":"2017-12-27T14:10:36","date_gmt":"2017-12-27T14:10:36","guid":{"rendered":"http:\/\/startplan.de\/?page_id=37"},"modified":"2021-02-09T16:10:07","modified_gmt":"2021-02-09T16:10:07","slug":"ueber-uns","status":"publish","type":"page","link":"http:\/\/startplan.de\/?page_id=37","title":{"rendered":"\u00dcber uns"},"content":{"rendered":"<p style=\"text-align: center;\"><span style=\"color: #4d4d4d;\">Wir sind regionaler Schulungsstandort von <a href=\"http:\/\/www.starteffekt.de\" target=\"_blank\" rel=\"noopener\"><img loading=\"lazy\" class=\"size-medium wp-image-133 aligncenter\" src=\"http:\/\/startplan.de\/wp-content\/uploads\/2017\/12\/starteffekt_logo-300x81.png\" alt=\"\" width=\"300\" height=\"81\" srcset=\"http:\/\/startplan.de\/wp-content\/uploads\/2017\/12\/starteffekt_logo-300x81.png 300w, http:\/\/startplan.de\/wp-content\/uploads\/2017\/12\/starteffekt_logo.png 649w\" sizes=\"(max-width: 300px) 100vw, 300px\" \/><\/a><\/span><\/p>\n<p style=\"text-align: center;\"><span style=\"color: #4d4d4d;\">Wir sichern unsere Qualit\u00e4t durch systematische Planung und \u00dcberarbeitung zur Erf\u00fcllung Ihrer individuellen W\u00fcnsche und Bed\u00fcrfnisse. Wir beraten Sie stets unter Ber\u00fccksichtigung aller Chancen und Risiken und weisen sofort darauf hin. Wir verpflichten uns\u00a0zur kontinuierlichen fachspezifischen Fort- und Weiterbildung zur Sicherstellung hoher Ergebnis-, Prozess- und Strukturqualit\u00e4t in unserer Leistungserbringung. Wir sicheren einen Termin innerhalb von 7 Tagen und einen R\u00fcckruf innerhalb von 24 Stunden zu.<\/span><\/p>\n<p style=\"text-align: center;\"><span style=\"color: #4d4d4d;\">Absolute Verschwiegenheit, Seriosit\u00e4t und Neutralit\u00e4t sind unser Selbstverst\u00e4ndnis. Durch\u00a0die stetige Teilnahme an Fort- und Weiterbildungen in den entsprechenden Bereichen, sichern wir Ihnen eine hohe fachliche Kompetenz zu.\u00a0Unser Beratungsprozess und das Coaching sind zielgerichtet und effizient. Auf unsere Termintreue &#8211; ebenso wie auf die Einhaltung berufsethischer Grunds\u00e4tze &#8211; k\u00f6nnen Sie bauen.<\/span><\/p>\n<p style=\"text-align: center;\"><span style=\"color: #4d4d4d;\"><strong>Wir freuen uns darauf, Sie kennenzulernen und gemeinsam mit Ihnen den Weg\u00a0in eine erfolgreiche Selbst\u00e4ndigkeit zu gestalten!<\/strong><\/span><\/p>\n<pre><a href=\"http:\/\/startplan.de\/?page_id=36\"><span style=\"color: #999999;\">Leistungen<\/span><\/a>\n<a href=\"http:\/\/startplan.de\/?page_id=124\"><span style=\"color: #999999;\">Gr\u00fcndercoaching<\/span><\/a>\n<a href=\"http:\/\/startplan.de\/?page_id=116\"><span style=\"color: #999999;\">AVGS<\/span><\/a>\n<a href=\"http:\/\/startplan.de\/?page_id=37\"><span style=\"color: #999999;\">\u00dcber uns<\/span><\/a>\n<a href=\"http:\/\/startplan.de\/?page_id=67\"><span style=\"color: #999999;\">Kontakt<\/span><\/a>\n<a href=\"http:\/\/startplan.de\/?page_id=66\"><span style=\"color: #999999;\">Impressum<\/span><\/a><\/pre>\n","protected":false},"excerpt":{"rendered":"<p>Wir sind regionaler Schulungsstandort von Wir sichern unsere Qualit\u00e4t durch systematische Planung und \u00dcberarbeitung zur Erf\u00fcllung Ihrer individuellen W\u00fcnsche und Bed\u00fcrfnisse. Wir beraten Sie stets unter Ber\u00fccksichtigung aller Chancen und Risiken und weisen sofort darauf hin. Wir verpflichten uns\u00a0zur kontinuierlichen fachspezifischen Fort- und Weiterbildung zur Sicherstellung hoher Ergebnis-, Prozess- und Strukturqualit\u00e4t in unserer Leistungserbringung. Wir &hellip; <a href=\"http:\/\/startplan.de\/?page_id=37\" class=\"more-link\"><span class=\"screen-reader-text\">\u00dcber uns<\/span> weiterlesen<\/a><\/p>\n","protected":false},"author":1,"featured_media":0,"parent":0,"menu_order":0,"comment_status":"closed","ping_status":"closed","template":"","meta":[],"_links":{"self":[{"href":"http:\/\/startplan.de\/index.php?rest_route=\/wp\/v2\/pages\/37"}],"collection":[{"href":"http:\/\/startplan.de\/index.php?rest_route=\/wp\/v2\/pages"}],"about":[{"href":"http:\/\/startplan.de\/index.php?rest_route=\/wp\/v2\/types\/page"}],"author":[{"embeddable":true,"href":"http:\/\/startplan.de\/index.php?rest_route=\/wp\/v2\/users\/1"}],"replies":[{"embeddable":true,"href":"http:\/\/startplan.de\/index.php?rest_route=%2Fwp%2Fv2%2Fcomments&post=37"}],"version-history":[{"count":12,"href":"http:\/\/startplan.de\/index.php?rest_route=\/wp\/v2\/pages\/37\/revisions"}],"predecessor-version":[{"id":192,"href":"http:\/\/startplan.de\/index.php?rest_route=\/wp\/v2\/pages\/37\/revisions\/192"}],"wp:attachment":[{"href":"http:\/\/startplan.de\/index.php?rest_route=%2Fwp%2Fv2%2Fmedia&parent=37"}],"curies":[{"name":"wp","href":"https:\/\/api.w.org\/{rel}","templated":true}]}}