{"id":116,"date":"2017-12-27T23:10:27","date_gmt":"2017-12-27T23:10:27","guid":{"rendered":"http:\/\/startplan.de\/?page_id=116"},"modified":"2017-12-28T09:16:56","modified_gmt":"2017-12-28T09:16:56","slug":"avgs","status":"publish","type":"page","link":"http:\/\/startplan.de\/?page_id=116","title":{"rendered":"AVGS"},"content":{"rendered":"<p><span style=\"color: #4d4d4d;\">Mit einem<strong> Aktivierungs- &amp; Vermittlungsgutschein (AVGS)<\/strong> der Arbeitsagenturen und Sozialtr\u00e4ger k\u00f6nnen Ma\u00dfnahmen zur Heranf\u00fchrung an eine selbstst\u00e4ndige T\u00e4tigkeit <strong>f\u00fcr Sie kostenfrei<\/strong> in Anspruch genommen werden. Dies umfasst individuelle Beratungsleistungen in der Vorgr\u00fcndungsphase, die Sie <strong>bestm\u00f6glich auf eine m\u00f6gliche Existenzgr\u00fcndung vorbereiten<\/strong>.<\/span><\/p>\n<p><span style=\"color: #4d4d4d;\">Existenzgr\u00fcnder und Gr\u00fcndungsinteressierte, welche arbeitslos bzw. arbeitssuchend gemeldet bzw. von einer Arbeitslosigkeit bedroht sind, k\u00f6nnen den Aktivierungs- &amp; Vermittlungsgutschein (AVGS) bei ihrer zust\u00e4ndigen Agentur f\u00fcr Arbeit, dem Tr\u00e4ger der Grundsicherung oder dem zust\u00e4ndigen Landratsamt beantragen. Mit diesem Gutschein k\u00f6nnen individuelle Beratungsleistungen im Vorfeld einer geplanten Selbstst\u00e4ndigkeit f\u00fcr Sie kostenfrei in Anspruch genommen werden.<\/span><\/p>\n<div class=\"accordion\" role=\"tabpanel\" aria-hidden=\"false\">\n<div class=\"accordion\" role=\"tabpanel\" aria-hidden=\"false\">\n<p style=\"text-align: center;\"><span style=\"color: #4d4d4d;\"><strong>Sollten Sie Hilfe bei der Beantragung ben\u00f6tigen, <\/strong><\/span><br \/>\n<span style=\"color: #4d4d4d;\"> <strong>stehen wir Ihnen gern zur Verf\u00fcgung!<\/strong><\/span><\/p>\n<p>&nbsp;<\/p>\n<\/div>\n<\/div>\n<pre><a href=\"http:\/\/startplan.de\/?page_id=36\"><span style=\"color: #999999;\">Leistungen<\/span><\/a>\r\n<a href=\"http:\/\/startplan.de\/?page_id=124\"><span style=\"color: #999999;\">Gr\u00fcndercoaching<\/span><\/a>\r\n<a href=\"http:\/\/startplan.de\/?page_id=116\"><span style=\"color: #999999;\">AVGS<\/span><\/a>\r\n<a href=\"http:\/\/startplan.de\/?page_id=37\"><span style=\"color: #999999;\">\u00dcber uns<\/span><\/a>\r\n<a href=\"http:\/\/startplan.de\/?page_id=67\"><span style=\"color: #999999;\">Kontakt<\/span><\/a>\r\n<a href=\"http:\/\/startplan.de\/?page_id=66\"><span style=\"color: #999999;\">Impressum<\/span><\/a><\/pre>\n","protected":false},"excerpt":{"rendered":"<p>Mit einem Aktivierungs- &amp; Vermittlungsgutschein (AVGS) der Arbeitsagenturen und Sozialtr\u00e4ger k\u00f6nnen Ma\u00dfnahmen zur Heranf\u00fchrung an eine selbstst\u00e4ndige T\u00e4tigkeit f\u00fcr Sie kostenfrei in Anspruch genommen werden. Dies umfasst individuelle Beratungsleistungen in der Vorgr\u00fcndungsphase, die Sie bestm\u00f6glich auf eine m\u00f6gliche Existenzgr\u00fcndung vorbereiten. Existenzgr\u00fcnder und Gr\u00fcndungsinteressierte, welche arbeitslos bzw. arbeitssuchend gemeldet bzw. von einer Arbeitslosigkeit bedroht sind, k\u00f6nnen &hellip; <a href=\"http:\/\/startplan.de\/?page_id=116\" class=\"more-link\"><span class=\"screen-reader-text\">AVGS<\/span> weiterlesen<\/a><\/p>\n","protected":false},"author":1,"featured_media":0,"parent":36,"menu_order":0,"comment_status":"closed","ping_status":"closed","template":"","meta":[],"_links":{"self":[{"href":"http:\/\/startplan.de\/index.php?rest_route=\/wp\/v2\/pages\/116"}],"collection":[{"href":"http:\/\/startplan.de\/index.php?rest_route=\/wp\/v2\/pages"}],"about":[{"href":"http:\/\/startplan.de\/index.php?rest_route=\/wp\/v2\/types\/page"}],"author":[{"embeddable":true,"href":"http:\/\/startplan.de\/index.php?rest_route=\/wp\/v2\/users\/1"}],"replies":[{"embeddable":true,"href":"http:\/\/startplan.de\/index.php?rest_route=%2Fwp%2Fv2%2Fcomments&post=116"}],"version-history":[{"count":9,"href":"http:\/\/startplan.de\/index.php?rest_route=\/wp\/v2\/pages\/116\/revisions"}],"predecessor-version":[{"id":174,"href":"http:\/\/startplan.de\/index.php?rest_route=\/wp\/v2\/pages\/116\/revisions\/174"}],"up":[{"embeddable":true,"href":"http:\/\/startplan.de\/index.php?rest_route=\/wp\/v2\/pages\/36"}],"wp:attachment":[{"href":"http:\/\/startplan.de\/index.php?rest_route=%2Fwp%2Fv2%2Fmedia&parent=116"}],"curies":[{"name":"wp","href":"https:\/\/api.w.org\/{rel}","templated":true}]}}